ime factors of 19798452.
2, 3, 183319
List the prime factors of 406463705.
5, 23, 3534467
List the prime factors of 2946315996.
2, 3, 13, 2357, 2671
List the prime factors of 32502404.
2, 11, 23, 32117
List the prime factors of 5352524907.
3, 73, 443, 55171
What are the prime factors of 330867316?
2, 13, 6362833
List the prime factors of 73785095.
5, 127, 131, 887
What are the prime factors of 548026756?
2, 17, 83, 89, 1091
List the prime factors of 251608938.
2, 3, 7, 443, 13523
What are the prime factors of 947483152?
2, 7, 11, 47, 16363
What are the prime factors of 560536738?
2, 239, 1172671
What are the prime factors of 439195700?
2, 5, 4391957
What are the prime factors of 27581883?
3, 7, 1313423
List the prime factors of 85852324.
2, 109, 223, 883
List the prime factors of 448049927.
13, 41, 64663
What are the prime factors of 3715221482?
2, 7, 265372963
What are the prime factors of 41422606?
2, 20711303
List the prime factors of 403266207.
3, 83, 449, 3607
List the prime factors of 18785532.
2, 3, 53, 29537
List the prime factors of 355909192.
2, 41, 47, 23087
List the prime factors of 110719736.
2, 233, 59399
What are the prime factors of 455735008?
2, 41, 347359
List the prime factors of 1849066619.
4759, 388541
List the prime factors of 59963355.
3, 5, 444173
What are the prime factors of 212139060?
2, 3, 5, 7, 29, 17417
List the prime factors of 156132333.
3, 7, 826097
What are the prime factors of 89755739?
89755739
What are the prime factors of 352726590?
2, 3, 5, 103, 211, 541
What are the prime factors of 36080038?
2, 677, 26647
What are the prime factors of 132639822?
2, 3, 7, 350899
List the prime factors of 1398936997.
19, 293, 251291
List the prime factors of 77625435.
3, 5, 47, 103, 1069
List the prime factors of 1718974512.
2, 3, 67, 178169
What are the prime factors of 171798830?
2, 5, 7, 179, 13711
List the prime factors of 1133153161.
7, 103, 619, 2539
What are the prime factors of 452556268?
2, 131, 157, 5501
What are the prime factors of 497489963?
73, 467, 14593
List the prime factors of 347134422.
2, 3, 57855737
What are the prime factors of 534261839?
17, 223, 140929
What are the prime factors of 4546997215?
5, 1213, 749711
List the prime factors of 3761153332.
2, 199, 4725067
What are the prime factors of 131232154?
2, 1153, 56909
What are the prime factors of 1166120258?
2, 4093, 142453
What are the prime factors of 3820269807?
3, 71, 5978513
List the prime factors of 2408230930.
2, 5, 7, 173, 28409
What are the prime factors of 5743541?
47, 122203
What are the prime factors of 1414612315?
5, 29, 79, 123493
List the prime factors of 129184031.
23, 61, 92077
What are the prime factors of 3469107791?
20353, 170447
List the prime factors of 294119253.
3, 37, 883241
What are the prime factors of 1581603336?
2, 3, 89, 246817
List the prime factors of 187503731.
187503731
List the prime factors of 105448522.
2, 52724261
List the prime factors of 68763810.
2, 3, 5, 17, 73, 1847
List the prime factors of 575955363.
3, 191985121
What are the prime factors of 26412612?
2, 3, 2201051
List the prime factors of 39749611.
11, 3613601
What are the prime factors of 370809661?
17, 587, 37159
List the prime factors of 2756306771.
73, 89, 424243
What are the prime factors of 8284674565?
5, 1656934913
What are the prime factors of 312357841?
131, 2384411
List the prime factors of 67135015.
5, 13427003
What are the prime factors of 2839127005?
5, 11, 13, 601, 6607
What are the prime factors of 3752925200?
2, 5, 9382313
List the prime factors of 104496153.
3, 23, 1514437
What are the prime factors of 65931555?
3, 5, 4395437
What are the prime factors of 833298669?
3, 7, 83, 159361
List the prime factors of 61003789.
7, 11, 792257
What are the prime factors of 25210273?
11, 929, 2467
List the prime factors of 63168182.
2, 7, 11, 173, 2371
List the prime factors of 172669832.
2, 23, 40801
What are the prime factors of 298303288?
2, 37287911
List the prime factors of 553449129.
3, 184483043
What are the prime factors of 402209943?
3, 37, 137, 26449
What are the prime factors of 8254723033?
19, 89, 4881563
List the prime factors of 1383545265.
3, 5, 1319, 69929
List the prime factors of 910573084.
2, 227643271
What are the prime factors of 70548968?
2, 7, 1259803
What are the prime factors of 332825414?
2, 2713, 61339
What are the prime factors of 5682143060?
2, 5, 11, 1061, 2213
What are the prime factors of 1754158326?
2, 3, 8783, 33287
What are the prime factors of 130257442?
2, 7, 9304103
What are the prime factors of 317229098?
2, 353, 449333
List the prime factors of 22219815.
3, 5, 1481321
List the prime factors of 4166510289.
3, 1388836763
What are the prime factors of 193440819?
3, 11, 13, 241, 1871
List the prime factors of 70082908.
2, 7, 17, 29, 5077
List the prime factors of 5369364331.
31, 173205301
List the prime factors of 38151254.
2, 877, 21751
What are the prime factors of 407498350?
2, 5, 7, 743, 1567
What are the prime factors of 525845688?
2, 3, 23, 952619
List the prime factors of 1011430551.
3, 337143517
What are the prime factors of 98598726?
2, 3, 661, 8287
List the prime factors of 28352140.
2, 5, 29, 48883
List the prime factors of 5011452.
2, 3, 107, 1301
List the prime factors of 1286953666.
2, 59, 10906387
List the prime factors of 2297304427.
11, 18985987
What are the prime factors of 91102006?
2, 181, 251663
List the prime factors of 452695698.
2, 3, 7, 13, 276371
List the prime factors of 218085084.
2, 3, 7, 123631
What are the prime factors of 2644963163?
15439, 171317
List the prime factors of 329070826.
2, 7, 23505059
What are the prime factors of 874613391?
3, 359, 863, 941
What are the prime factors of 133539083?
133539083
List the prime factors of 528410827.
7, 29, 227, 11467
What are the prime factors of 194322570?
2, 3, 5, 13, 31, 16073
List the prime factors of 2613174010.
2, 5, 53, 101, 48817
List the prime factors of 104191683.
3, 109, 318629
List the prime factors of 49659852.
2, 3, 11, 23, 1487
What are the prime factors of 49752599?
13, 773, 4951
List the prime factors of 1545264708.
2, 3, 13, 17, 97, 6007
List the prime factors of 3499664074.
2, 19, 6311, 14593
What are the prime factors of 27955099?
19, 1471321
What are the prime factors of 486437176?
2, 499, 121853
List the prime factors of 1412886.
2, 3, 181, 1301
List the prime factors of 902180781.
3, 19, 1093, 1609
What are the prime factors of 4404846122?
2, 2202423061
What are the prime factors of 1258076444?
2, 61, 5156051
List the prime factors of 104511453.
3, 2473, 14087
List the prime factors of 164304006.
2, 3, 151, 1201
List the prime factors of 11950711.
17, 702983
List the prime factors of 71125283.
41, 1734763
What are the prime factors of 3060385?
5, 293, 2089
List the prime factors of 736139592.
2, 3, 73, 140057
List the prime factors of 600785787.
3, 7, 2579, 11093
List the prime factors of 31986734.
2, 13, 257, 4787
List the prime factors of 2341042823.
7, 334434689
What are the prime factors of 68800793?
68800793
What are the prime factors of 63260419?
23, 2750453
List the prime factors of 5464456532.
2, 89, 15349597
List the prime factors of 6456377.
2179, 2963
What are the prime factors of 43704784?
2, 23, 113, 1051
What are the prime factors of 47074317?
3, 15691439
What are the prime factors of 79468806?
2, 3, 13244801
What are the prime factors of 16015602?
2, 3, 2669267
List the prime factors of 35024794.
2, 7, 17, 147163
List the prime factors of 97801016.
2, 2083, 5869
List the prime factors of 416865764.
2, 7, 14888063
What are the prime factors of 51864991?
2897, 17903
List the prime factors of 476452654.
2, 331, 719717
What are the prime factors of 250027363?
250027363
List the prime factors of 51648882.
2, 3, 8608147
List the prime factors of 558446673.
3, 186148891
List the prime factors of 32972659.
32972659
What are the prime factors of 48669632?
2, 11, 257, 269
What are the prime factors of 12744015?
3, 5, 849601
What are the prime factors of 445523915?
5, 23, 661, 5861
List the prime factors of 425978545.
5, 1193, 71413
What are the prime factors of 158914880?
2, 5, 496609
List the prime factors of 125153217.
3, 7, 173, 11483
What are the prime factors of 37417619?
23, 37, 43969
What are the pr